 32)?
-10
-12 + 7 + 5 + (0 - (-3 + 16))
-13
What is 4 - 2 - -1 - (-4 + -2)?
9
9 + (12 - 14) + -10 + 24
21
What is (6 - (10 - 14)) + -7 - -2?
5
-18 + 6 - (0 - 6)
-6
Calculate 20 + (-11 - (-10 + 9)) + -33.
-23
What is the value of 20 + 8 + -25 + 3 + -7 + 26?
25
(17 - -23) + -34 - -10
16
8 + (-13 - -1) + 5
1
Calculate 16 - (16 - (-8 - -21)).
13
Calculate (-45 - -40) + (-3 - -20).
12
Evaluate 12 - 21 - -8 - 0 - (2 - 9).
6
Calculate 6 - (3 + 4 + 11 + -2).
-10
(317 - 289 - (1 + 6)) + -5
16
What is the value of 10 + -11 + 3 - (0 - (7 - 3))?
6
What is 9 + (-28 - (-9 + -12 + 5 - -8))?
-11
Calculate (1 - (1 + -5)) + -5492 + 5449.
-38
Evaluate 14 - (8 + -19 + 3).
22
What is -2 - (-2 + -18) - 33?
-15
What is the value of -2 + -26 + 30 - (1 - 9)?
10
What is the value of -3 - ((21 - 14) + -26)?
16
Evaluate 14 + (18 - 29) + 3.
6
What is (-2 - -6) + (-15 + -10 + 37 - -2)?
18
What is the value of 58 - 7 - 51 - (12 + 0 - 1)?
-11
What is (22 - 42) + -15 + 9?
-26
Calculate -12 + (6 - (-33 - 0)).
27
Evaluate (6 - 8 - (10 + -18 + 13)) + 11.
4
Calculate 9 + -20 + 13 - -8.
10
-10 + 13 - -4 - 9
-2
Evaluate (28 + -1 - (-7 + 1 - -10)) + -3.
20
What is -13 + 4 + 8 - -8?
7
Calculate 5 - (16 - 20 - (-8 - 0)).
1
What is the value of (23 - (-6 + -3 + 3)) + -9?
20
What is 39 - -11 - 42 - (1 - -17)?
-10
What is (-9 + 39 - 34) + (1 - (2 - -2))?
-7
2 - 1 - (0 + 17 + (-32 - -36))
-20
Evaluate 87 + -82 + (2 - 7).
0
Evaluate 4 - (-158 + 167 + -14 + 1).
8
What is 5 - 6 - (6 - 9 - -8) - -6?
0
What is -7 - 2 - (-21 - -29)?
-17
(-18 - (8 - (16 + 2))) + 3 + 2
-3
What is 4 + 0 - (22 - 15) - 6?
-9
Calculate 13 + (1 - 34) + (1 + -7 - 2).
-28
4 - (2 + -5 + 5 - -21 - 6)
-13
What is (-2 - 6) + (20 - -3) - 33?
-18
What is the value of (1 - 24) + 0 + -14 + (45 - 37)?
-29
Evaluate -10 + 8 + (-8 - -5) - (-10 + 7).
-2
What is the value of (-7 - 3) + -14 - -8?
-16
What is 6 + (-12 + -7 + -8 - 13)?
-34
Evaluate -5 + -6 + 17 - 8 - 12.
-14
What is -15 + (-1 - -10 - 4) + (1 - -6)?
-3
What is the value of -7 + -4 + 16 - (-14 - -9 - 11)?
21
Calculate 10 - (-7 + 3 + 20).
-6
1 + -18 - (58 - 7 - 100)
32
Evaluate -2 + (0 - (4 + 0 + -4 + 4)).
-6
Calculate (-37 - -36) + (4 - 2) - -1.
2
Evaluate 0 - -1 - (-61 - -48).
14
Calculate 27 - (3 + (-2 + 7 - (-8 + 12))).
23
Evaluate 1 + 3 + -7 - (2 + (-12 - -4)).
3
-27 + 13 + 23 - (-23 + -4 + 5)
31
What is the value of 19 + -10 + (-20 - -23)?
12
Evaluate (246 - 261 - (-1 + -16)) + 35.
37
Calculate -26 - (-22 - (3 - 13)).
-14
What is -10 + 16 + -1 + 2 + -1 + 13?
19
What is 5 + (27 - 7) + -17?
8
Calculate (17 - (57 - 14)) + 19.
-7
Calculate -18 - (15 + (-7 - 9) - 4).
-13
Calculate 13 + (-5 - -11 - 17).
2
Calculate -14 + -1 - -15 - -19.
19
Calculate -25 + 18 - 0 - (2 - (-1 - -9)).
-1
(14 - 33) + 8 - -10
-1
(10 - (-12 + 11)) + (18 - -4)
33
-44 + -10 - -14 - -26
-14
Calculate (8 + -3 - (26 + -16 + -1)) + 10.
6
What is the value of 10 + (-20 - (-23 - (6 - 23)))?
-4
-44 + 9 + 9 - (-9 - 2)
-15
What is -18 + 0 + -5 + 108 + -95?
-10
What is the value of (-2 - (9 + -46 + 8)) + -6?
21
Calculate -9 + -1 + 38 + -18.
10
-23 + 28 + -18 + 32
19
Evaluate -11 + 5 + -14 + 24.
4
Evaluate 7 + ((-7 - -4) + 0 - 3).
1
What is (-11 - -3 - (5 + -11)) + 13?
11
Evaluate 0 + -1 - (19 + -13 + -5 + 10).
-12
2 + -1 + -3 - (4 - 15) - -4
13
Evaluate 14 - 12 - (-9 + 5).
6
Evaluate 8 + (13 - (1 + 11)) + -38.
-29
Calculate 24 + -32 + (3 - -6 - 0).
1
-4 - -7 - (29 + -9 + -24)
7
What is the value of 2 - 4 - (-4 - ((-7 - -3) + 28))?
26
Evaluate (-4 - -1) + -347 + 358.
8
Calculate (9 - -1 - 17) + -1.
-8
Calculate -1 + 8 + 68 + -60 - (4 + 0).
11
Calculate (10 - 1) + (29 - 17) + (-2 - 19).
0
What is the value of 0 - (-40 - (-13 + 22 + -16))?
33
What is -9 - -6 - (31 - 4 - 35)?
5
Evaluate -17 + -15 + 20 - -9.
-3
Calculate -2 + (9 - (17 + -21)).
11
What is the value of -1 + 2 - (-13 + 8)?
6
Calculate -7 + (11 - 8 - (1 - -7) - -10).
-2
Calculate -25 + 16 + 21 - 5.
7
-20 - ((16 - 6) + -17)
-13
What is 23 + -23 - (-5 - (4 + 0))?
9
Calculate (-5 - -6) + -3 - (-6 - -10).
-6
(4 + (14 - 0) - 16) + -39
-37
What is 11 - 27 - -2 - -15?
1
(15 - ((2 - (-4 - -5)) + 2)) + 3
15
What is 8 - (37 - (6 + 0) - (4 - 1))?
-20
What is -141 + 141 + (2 - -11)?
13
Calculate -7 - (5 - 1 - (34 - 35)).
-12
What is the value of 1 - ((4 - 1) + 23) - (217 + -225)?
-17
Evaluate (42 - 6) + 40 + -43.
33
What is the value of ((-4 - -13) + -21 - 6) + 9 + 8?
-1
What is the value of -22 + 33 + (11 - 16)?
6
What is 75 + -80 + (-2 - -9) + 1?
3
What is -25 + -15 + 9 + 1?
-30
Calculate -6 + (8 - 12) + (6 - 0) - -5.
1
Evaluate 14 + (28 - 7) + -66.
-31
Evaluate -11 - ((-41 - (4 - 6)) + -10).
38
What is the value of 20 + -5 + -23 - -22?
14
What is (17 - 4 - 16 - (0 - -3)) + 5?
-1
What is -14 + 0 + 2 - ((2 - 9) + 8)?
-13
What is (-21 - (-13 + 2)) + (0 - (1 + 0))?
-11
What is the value of -120 - -110 - (0 - 21)?
11
What is (4 + -3 - -4) + -24 + -2 + 20?
-1
What is (-109 - -115) + (0 - -2)?
8
Calculate -2 - (14 + 2 + -7).
-11
Evaluate (55 - 56) + -15 - (-2 - 0 - -1).
-15
What is (-8 + 17 - 0) + (-3 - -3) + -19?
-10
Evaluate 3 - (-13 - (-8 - 3)).
5
Calculate -5 + (6 - (7 - (-4 + 1))).
-9
(-25 - (-14 + 3)) + 3
-11
What is the value of 6 + 5 + (-11 - (-3 + -1))?
4
What is -1 - -1 - (8 + -6)?
-2
What is 181 + -203 + 22 + -2?
-2
What is (-1 + -5 - -26) + 94 + -109?
5
Evaluate -22 + 10 + -18 + 19.
-11
What is 7 - (-1 + (-11 - -37)) - (5 + -1)?
-22
Evaluate -2 - -8 - (61 - 87) - -5.
37
What is the value of -23 - (2 - 10 - 19)?
4
-17 + (-12 - -29) - ((-1 - -5) + 24)
-28
What is the value of -17 - 0 - (-23 - (16 + (-22 - 13)))?
-13
What is the value of 12 - 0 - (12 + (-9 - (1 - 2)))?
8
-10 + (-14 - (-14 + (-8 - -13))) + 0
-15
Calculate (-9 + 2 + 7 - 0 - 6) + 19.
13
What is the value of -43 - (-3 + 8 + -8 - 1 - 4)?
-35
What is the value of 38 + -13 + -16 - (-1 - -11)?
-1
Calculate (-45 - -24) + 34 - ((-3 - -1) + 5).
10
Calculate 2 + 9 - (-449 - -442).
18
Evaluate -3 - 9 - 1 - -13.
0
Evaluate 1 - (-5 + -1 - (7 - 17)).
-3
Evaluate 12 - (-1 + 6 + (-3 - 0 - 0)).
10
(13 - 4 - -2) + 11 - 2
20
What is the value of -3 + (0 - 0 - 3) + 0 - -11?
5
Calculate 3 - ((-11 - -18) + -2 + 13).
-15
Evaluate (21 - -1) + -2 + -166 + 163.
17
What is the value of 2 + 18 + 3 - 36?
-13
Evaluate -3 + (-9 - (-25 + 11) - 7).
-5
Calculate 8 + -7 + (1 - 4) + (9 - 0).
7
Calculate 3 + (-17 - -25) + -6.
5
Calculate 45 + (-1 - -1) - (-73 + 80).
38
Calculate -10 - 1 - (-10 + -4 - (-19 - -12)).
-4
What is the value of -32 - (-31 - (-4 - 8))?
-13
-5 + 1 + 1 + 10 + (-4 - 3)
0
Calculate -37 - ((-3 - 12) + -7).
-15
Evaluate -2 - (-3 + 4 - (1 - 2) - 13).
9
Calculate -73 - -70 - (1 + -2).
-2
Evaluate -4 + -8 + (-9 + (3 - -5) - 0).
-13
What is 12 - (-9 + 1 - -10 - 1)?
11
Calculate -1 + -1 + (3 - 6) + 6.
1
Evaluate 102 + -77 - (-3 - -29).
-1
Calculate (1 - (8 - 2)) + (-3 - (-4 + -9)).
5
What is the value of -6 + 2 + (-10 - -4)?
-10
What is 10 + -6 + (-3 - (-6 - -3))?
4
Evaluate (-14 - (12 - 27)) + -3 + 1.
-1
Evaluate 20 - (-6 + -13 + 32).
7
-3 + -1 - (25 + -1) - -5
-23
What is (97 - 103 - (2 - (0 - -2))) + 28?
22
Calculate 2 + (0 - (-9 + (10 - 5) - 6)).
12
What is the value of -14 + -23 - (5 - 21)?
-21
What is the value of 5 - (-8 - -17 - 17) - (1 + 4)?
8
(-18 + 5 - -8) + 11 - (2 + -2)
6
(21 + -22 - 29) + -3
-33
What is the value of 11 + -19 + 18 + -5?
5
(-7 - 1) + -6 + (19 - 15)
-10
Evaluate -2 - (-5 - -3) - (13 + 0 - 2).
-11
Calculate -4 - (11 + -4 + (21 - 25)).
-7
What is the value of (21 - 8) + -25 - -4?
-8
Calculate -17 - (-17 + 34 - 29).
-5
Calculate (9 + -2 - (18 + -16)) + 1 + -4.
2
What is the value of (3 - (-3 + 0 + -1)) + 43 + -52?
-2
What is the value of -15 + (-4 - -2) + 12?
-5
What is 1 - 8 - (-2 + -2) - -6?
3
26 + -14 + -35 - (-21 - -10)
-12
Calculate -18 + (-16 - -21 - (-7 + -1)).
-5
What is the value of (1 - 0 - -2) + (0 - -7) + -3?
7
What is -20 + 12 + -10 + 7?
-11
Calculate 1 + 4 - (75 - 76).
6
(8 - 8) + 0 + 2 + -6
-4
Calculate -4 + 0 + 6 - (-1 - 0) - -10.
13
Evaluate (-17 - 6) + (-3 - (8 - (8 - -11))).
-15
What is 0 - (3 - 6 - 14) - (-42 + 42)?
17
Evaluate (-1 - (-15 - 2)) + -11 + 5.
10
Calculate 2 + (23 - (46 + -20)).
-1
What is 11 + (29 - -2) + -21?
21
Evaluate 21 + -6 + (-8 - -6).
13
What is the value of 9 - ((1 - 3 - (54 - 60)) + -4)?
9
What is the value of (2 + -19 - (-3 - -4)) + 8?
-10
E